t + 110. Let r be k(7). Let o(j) = -4*j + 10. Let x be o(r). Calculate the highest common factor of 18 and x.
18
Let y(d) = 3*d**3 + 44*d**2 + 44*d - 52. Let r be y(-13). Suppose 3*g + 3*f - 65 = -g, -f = -2*g + 35. Calculate the highest common factor of r and g.
17
Suppose -299 = 3*t - 314. Suppose -3*y - c + 5*c + 9 = 0, -t*y = -5*c - 15. What is the greatest common factor of y and 27?
3
Let g be 19/(((-70)/(-56) + 3/4)/2). Calculate the greatest common divisor of 2375 and g.
19
Suppose 55*c - 805 = -106*c. Let q be 1*(9 - -1)*1. Calculate the greatest common factor of c and q.
5
Let k = 90 - 58. Suppose 4*o - k = 5*o. Let p = o + 42. Calculate the greatest common divisor of 40 and p.
10
Let w = -6078 - -6108. Calculate the greatest common divisor of w and 5805.
15
Let t be ((-112)/(-616) - 331106/(-88)) + (-1)/(-4). Calculate the highest common factor of t and 213.
71
Suppose -3089*u = -3102*u + 364. Calculate the highest common factor of u and 1141.
7
Let b be (2 + -1)/(9 + ((-30384)/376)/9). Calculate the highest common factor of b and 8131.
47
Let y be 2914/744 + 1/12. Suppose -i - 4*i = -4*m + 99, y*i = 3*m - 75. What is the highest common divisor of 140 and m?
7
Suppose 0 = -407*a + 1604169 + 204539. Calculate the greatest common factor of 220 and a.
44
Let n = 109 - 106. Suppose 2*m = -4*l + 16, -2 = n*m + 4*l - 16. Let u be m/4 + (76/8 - 7). What is the greatest common divisor of 2 and u?
2
Suppose -24*h = 11*h - 19*h - 2560. Calculate the greatest common divisor of 12960 and h.
160
Suppose -38*f + 5*y = -37*f - 30, 87 = 5*f - 4*y. Let s = 0 - 0. Suppose s = -2*i + 10. Calculate the highest common divisor of f and i.
5
Let j = 585 - 572. Suppose 0*w - 416 = -4*w. Suppose -5*b = -3*b - w. What is the highest common factor of b and j?
13
Let i = 242 - 295. Let q = 258 + i. Calculate the highest common factor of 123 and q.
41
Suppose -k - k + 112 = 0. Suppose -5*n + 97 = -118. Let u = 50 - n. Calculate the greatest common factor of u and k.
7
Suppose -q + 3*m - 7 = 0, -5*q - 57 = -0*q - 4*m. Let h(y) = -y**3 - 13*y**2 + y + 28. Let k be h(q). Calculate the greatest common factor of k and 165.
15
Suppose 15009 = -10*v + 43060 + 63069. What is the highest common divisor of v and 68?
68
Suppose -q + 211*c + 4 = 207*c, 12 = 2*q - 4*c. What is the greatest common factor of 56 and q?
8
Let d = -2212 - -2230. Calculate the highest common factor of 2646 and d.
18
Suppose 12*g = 29*g - 476. Suppose -2*a - 416 = -g*a. Calculate the greatest common divisor of a and 208.
16
Let m(w) = 2225*w - 1440. Let q be m(4). Calculate the greatest common factor of q and 20.
20
Suppose 1494 + 2271 = -5*b - 5*s, s + 3027 = -4*b. Let k = 818 + b. What is the highest common divisor of k and 20?
20
Suppose -5*v = 2*d - 0*d - 16, v - d = 6. Let n be v + (-40)/8 - 21/(-1). Let u be ((-10)/n)/(2/(-740)). What is the highest common divisor of u and 37?
37
Let o(z) = 31*z**2 + 73*z + 2. Let v be o(-3). What is the highest common factor of v and 837?
31
Suppose -u = h + 3*u - 20, -20 = -3*h - 4*u. Suppose h = -21*o + o + 120. What is the greatest common factor of o and 30?
6
Suppose -g = -5*g - 356. Let a = g - -125. Calculate the highest common factor of a and 126.
18
Suppose z - 2*z + 5*z = 0, -2*g + 5*z + 384 = 0. Calculate the greatest common factor of g and 2064.
48
Let u be 3 - (-90 + -12 + 12). What is the highest common divisor of 1271 and u?
31
Suppose -2*p = -4*f + 3842, 3*f + 2*p - 6*p = 2889. Suppose 0 = -5*v + w + 863, 2*w - 93 + f = 5*v. Calculate the greatest common divisor of v and 129.
43
Let n(k) = 3*k**3 - 3*k - 18. Let m be n(-5). Let q = -332 - m. Calculate the greatest common factor of 207 and q.
23
Let m = -581 - -2570. What is the highest common factor of m and 234?
117
Let w = 4460 - 4235. Let l be (0 - 1)/((-2)/50). What is the greatest common factor of l and w?
25
Suppose -13*k - 2835 = -20*k. Suppose 6*h + 3*h - k = 0. Suppose -18 = 3*o - 4*o. What is the highest common divisor of h and o?
9
Let h be (2 - (94 - 2))/((-213)/284). Calculate the highest common factor of 22920 and h.
120
Let x be (6*(-36)/8 - -2)*(-48)/30. Suppose -10 - 14 = -3*d. What is the highest common factor of x and d?
8
Let l(w) = -3*w**2 + 63*w - 13. Let i be l(20). Let n(v) = v**2 - 18*v - 45. Let o be n(28). Calculate the greatest common divisor of i and o.
47
Let r(v) = v**3 - 21*v**2 - 42*v - 37. Let t be r(23). Let z = 77 - 52. What is the greatest common factor of z and t?
5
Suppose 105*m = 106*m + i - 16, 2*m = i + 44. Let j = 1157 - 697. Calculate the greatest common factor of j and m.
20
Let d = 108 - 104. Suppose -20 = 5*v, c = -0*c - 5*v - 12. Suppose 2*y = -0*y + c. What is the highest common divisor of y and d?
4
Suppose 15 = 2*n + 4*x - x, -5*n - 2*x + 21 = 0. Let z(r) = 10*r**3 + 3*r**2 - 9*r + 2. Let l be z(n). What is the highest common divisor of l and 34?
34
Let j(a) = 2*a + 29. Let w be j(4). Let v be 12432/(-63)*(-15)/10. What is the highest common divisor of v and w?
37
Suppose -423*a - 1352 = -436*a. What is the highest common factor of a and 2392?
104
Let j = -16201 - -16339. Calculate the greatest common divisor of 1058 and j.
46
Let l = -46 + 66. Let n = 56 - -4. Calculate the highest common divisor of n and l.
20
Let q(z) = -89*z + 8292. Let b be q(30). Calculate the greatest common divisor of 12 and b.
6
Let z = 6574 + -6480. Calculate the greatest common divisor of 4982 and z.
94
Suppose 15193 = 14*w - 879. Suppose -x - 168 = -2*b, 3*b + 5*x = 138 + 88. What is the highest common divisor of w and b?
82
Suppose -o - 5*n + 130 = -2591, 2*o - 5435 = -3*n. Calculate the greatest common factor of o and 140.
28
Let l be 4/5*1215/6. Let g = 222 - 207. Suppose -90 = 10*b - g*b. What is the greatest common factor of l and b?
18
Let b(f) = 4*f - 13. Let x be b(7). Suppose -j + x + 17 = 0. Suppose 16 = 6*o - j. Calculate the greatest common factor of 64 and o.
8
Let x be (-34 - (-18468)/418) + (-9)/(-11) + -1. Calculate the greatest common divisor of 16 and x.
2
Let h = 152 + -152. Suppose 5*o = -5*n + 155, -3*n + 121 = -h*n - 4*o. Calculate the highest common factor of 5 and n.
5
Suppose -3*s + 3 = -2*s. Suppose 2*o + 4 = 4*o, 5*b - 764 = s*o. Suppose 0 = -4*u + 12, 2*q + 3*u - 13 - 24 = 0. What is the greatest common divisor of b and q?
14
Let p(f) = 31*f**2 - 13*f + 14. Let w be p(1). What is the greatest common factor of 6736 and w?
16
Suppose 4*u - 13*l = -16*l - 152, l - 190 = 5*u. Let m be (u*5)/(-5)*4. Calculate the highest common factor of m and 16.
8
Let b(t) = 3*t**2 + 28*t + 15. Let l be b(-9). Let g(v) = 27*v + 3. Let d be g(1). Calculate the greatest common divisor of d and l.
6
Suppose -255*k + 5317 = -1546 - 9457. What is the greatest common factor of k and 1840?
16
Suppose -36*d + 685171 = -143189. Calculate the greatest common factor of d and 59.
59
Let d be 5740/40*76/19. Calculate the greatest common factor of 5248 and d.
82
Let x be (16/14)/((-3)/((-126)/12)). Suppose -x*o = 2*o - 132. Let i be (7/7)/(2 + 3/(-2)). Calculate the highest common factor of o and i.
2
Let w be (-252)/(-2 + -4) + -1. Suppose -468 = w*p - 42*p. Calculate the highest common factor of 36 and p.
36
Suppose -2*l - x = -78, -3*l + 117 = 17*x - 21*x. Calculate the highest common divisor of 213 and l.
3
Let c = -1211 - -1451. Calculate the highest common divisor of 2928 and c.
48
Let a be (0 + 7 + -1)*7. Let n(o) = 1888*o - 75422. Let x be n(40). What is the greatest common divisor of x and a?
14
Suppose -54 = -6*r + 4*h, 26*r - 28*r - 4*h - 14 = 0. Calculate the greatest common factor of 104 and r.
1
Suppose 5*q + 55 = 2*o, -33*o - 4*q = -30*o - 2. Calculate the greatest common divisor of o and 36640.
10
Let p(n) = -16*n + 69. Let w be p(4). Suppose -w*f + 28 = 2*m - 12, 3*m + 3*f - 69 = 0. Calculate the greatest common factor of m and 10.
5
Let t be (-6)/(-3)*(67 + -38). Let r(v) = -v**2 - 8*v. Let n be r(-7). Let s = t + n. Calculate the greatest common divisor of s and 26.
13
Let m(x) = 12*x + 102. Let u be m(21). Suppose 4*h - 16 = 0, 68 = 5*q - 2*h - u. What is the greatest common divisor of 129 and q?
43
Let w = -19 + -65. Let f = w - -114. Let i(b) = b**3 + 8*b**2 + 2*b + 1. Let q be i(-3). Calculate the highest common divisor of q and f.
10
Let z(s)